ors of 1387?
19, 73
List the prime factors of 13118.
2, 7, 937
List the prime factors of 5226.
2, 3, 13, 67
List the prime factors of 18429.
3, 6143
What are the prime factors of 7329?
3, 7, 349
What are the prime factors of 991?
991
What are the prime factors of 59346?
2, 3, 7, 157
List the prime factors of 80003.
7, 11, 1039
List the prime factors of 2174.
2, 1087
List the prime factors of 8317.
8317
List the prime factors of 20001.
3, 59, 113
What are the prime factors of 1249?
1249
What are the prime factors of 603?
3, 67
What are the prime factors of 1059?
3, 353
List the prime factors of 4780.
2, 5, 239
List the prime factors of 794.
2, 397
What are the prime factors of 625?
5
List the prime factors of 20669.
11, 1879
List the prime factors of 21494.
2, 11, 977
List the prime factors of 3091.
11, 281
List the prime factors of 9297.
3, 1033
What are the prime factors of 17122?
2, 7, 1223
List the prime factors of 24769.
17, 31, 47
List the prime factors of 3554.
2, 1777
What are the prime factors of 1057?
7, 151
What are the prime factors of 1383?
3, 461
What are the prime factors of 19782?
2, 3, 7, 157
List the prime factors of 13337.
13337
List the prime factors of 5765.
5, 1153
What are the prime factors of 888?
2, 3, 37
What are the prime factors of 18248?
2, 2281
What are the prime factors of 2659?
2659
What are the prime factors of 1450?
2, 5, 29
List the prime factors of 32477.
47, 691
List the prime factors of 308.
2, 7, 11
List the prime factors of 988.
2, 13, 19
What are the prime factors of 111922?
2, 107, 523
List the prime factors of 17498.
2, 13, 673
What are the prime factors of 69501?
3, 23167
What are the prime factors of 4523?
4523
What are the prime factors of 5954?
2, 13, 229
What are the prime factors of 38655?
3, 5, 859
List the prime factors of 88142.
2, 44071
What are the prime factors of 8796?
2, 3, 733
List the prime factors of 31124.
2, 31, 251
What are the prime factors of 97513?
13, 577
What are the prime factors of 1261?
13, 97
List the prime factors of 29802.
2, 3, 4967
What are the prime factors of 39884?
2, 13, 59
What are the prime factors of 400?
2, 5
List the prime factors of 142846.
2, 11, 43, 151
What are the prime factors of 704?
2, 11
What are the prime factors of 83032?
2, 97, 107
What are the prime factors of 35842?
2, 17921
What are the prime factors of 997?
997
List the prime factors of 380.
2, 5, 19
List the prime factors of 9831.
3, 29, 113
What are the prime factors of 21291?
3, 47, 151
List the prime factors of 1013.
1013
List the prime factors of 100179.
3, 11131
What are the prime factors of 352?
2, 11
List the prime factors of 12121.
17, 23, 31
What are the prime factors of 2765?
5, 7, 79
What are the prime factors of 12473?
12473
What are the prime factors of 3088?
2, 193
List the prime factors of 4337.
4337
List the prime factors of 84964.
2, 11, 1931
List the prime factors of 35408.
2, 2213
What are the prime factors of 5096?
2, 7, 13
What are the prime factors of 1566?
2, 3, 29
What are the prime factors of 55797?
3, 7, 2657
List the prime factors of 8374.
2, 53, 79
What are the prime factors of 276?
2, 3, 23
What are the prime factors of 2319?
3, 773
What are the prime factors of 10505?
5, 11, 191
What are the prime factors of 42972?
2, 3, 3581
What are the prime factors of 985?
5, 197
List the prime factors of 2767.
2767
What are the prime factors of 59235?
3, 5, 11, 359
List the prime factors of 1333.
31, 43
What are the prime factors of 61765?
5, 11, 1123
What are the prime factors of 68649?
3, 7, 467
List the prime factors of 8653.
17, 509
What are the prime factors of 45?
3, 5
What are the prime factors of 2788?
2, 17, 41
List the prime factors of 951.
3, 317
List the prime factors of 1343.
17, 79
What are the prime factors of 7585?
5, 37, 41
List the prime factors of 3094.
2, 7, 13, 17
List the prime factors of 12761.
7, 1823
What are the prime factors of 6284?
2, 1571
What are the prime factors of 2999?
2999
What are the prime factors of 475?
5, 19
List the prime factors of 5502.
2, 3, 7, 131
List the prime factors of 29626.
2, 14813
What are the prime factors of 26610?
2, 3, 5, 887
What are the prime factors of 2508?
2, 3, 11, 19
What are the prime factors of 29251?
29251
List the prime factors of 5883.
3, 37, 53
What are the prime factors of 4645?
5, 929
What are the prime factors of 35224?
2, 7, 17, 37
List the prime factors of 6189.
3, 2063
What are the prime factors of 64148?
2, 7, 29, 79
What are the prime factors of 3050?
2, 5, 61
What are the prime factors of 2887?
2887
What are the prime factors of 26466?
2, 3, 11, 401
List the prime factors of 4544.
2, 71
List the prime factors of 1565.
5, 313
List the prime factors of 2825.
5, 113
What are the prime factors of 28778?
2, 14389
List the prime factors of 1448.
2, 181
What are the prime factors of 63727?
63727
List the prime factors of 7878.
2, 3, 13, 101
List the prime factors of 1900.
2, 5, 19
What are the prime factors of 51390?
2, 3, 5, 571
What are the prime factors of 109?
109
What are the prime factors of 5095?
5, 1019
List the prime factors of 2119.
13, 163
List the prime factors of 2524.
2, 631
List the prime factors of 107232.
2, 3, 1117
What are the prime factors of 5153?
5153
List the prime factors of 59229.
3, 6581
List the prime factors of 3901.
47, 83
What are the prime factors of 162?
2, 3
List the prime factors of 1765.
5, 353
What are the prime factors of 30597?
3, 7, 31, 47
List the prime factors of 137105.
5, 17, 1613
What are the prime factors of 136202?
2, 11, 41, 151
List the prime factors of 325.
5, 13
What are the prime factors of 20319?
3, 13, 521
What are the prime factors of 12686?
2, 6343
What are the prime factors of 24165?
3, 5, 179
List the prime factors of 18705.
3, 5, 29, 43
List the prime factors of 2224.
2, 139
What are the prime factors of 179294?
2, 157, 571
List the prime factors of 674.
2, 337
What are the prime factors of 3319?
3319
List the prime factors of 4291.
7, 613
List the prime factors of 31018.
2, 13, 1193
List the prime factors of 10899.
3, 7, 173
List the prime factors of 1596.
2, 3, 7, 19
What are the prime factors of 1837?
11, 167
List the prime factors of 99783.
3, 11087
List the prime factors of 2260.
2, 5, 113
List the prime factors of 2749.
2749
What are the prime factors of 424?
2, 53
What are the prime factors of 40628?
2, 7, 1451
What are the prime factors of 54586?
2, 7, 557
What are the prime factors of 4157?
4157
List the prime factors of 27609.
3, 9203
What are the prime factors of 1143?
3, 127
What are the prime factors of 116284?
2, 7, 4153
List the prime factors of 767.
13, 59
List the prime factors of 7933.
7933
What are the prime factors of 1096?
2, 137
What are the prime factors of 84072?
2, 3, 31, 113
List the prime factors of 1214.
2, 607
List the prime factors of 261.
3, 29
List the prime factors of 33815.
5, 6763
List the prime factors of 17912.
2, 2239
What are the prime factors of 5562?
2, 3, 103
List the prime factors of 78358.
2, 7, 29, 193
List the prime factors of 1290.
2, 3, 5, 43
List the prime factors of 52784.
2, 3299
List the prime factors of 2171.
13, 167
List the prime factors of 2697.
3, 29, 31
What are the prime factors of 53182?
2, 26591
What are the prime factors of 84216?
2, 3, 11, 29
List the prime factors of 15241.
15241
List the prime factors of 33909.
3, 89, 127
List the prime factors of 18924.
2, 3, 19, 83
List the prime factors of 6075.
3, 5
What are the prime factors of 11079?
3, 1231
List the prime factors of 2058.
2, 3, 7
List the prime factors of 2105.
5, 421
List the prime factors of 2661.
3, 887
What are the prime factors of 1282?
2, 641
What are the prime factors of 2408?
2, 7, 43
List the prime factors of 3736.
2, 467
List the prime factors of 17723.
37, 479
What are the prime factors of 57?
3, 19
What are the prime factors of 15275?
5, 13, 47
What are the prime factors of 4225?
5, 13
List the prime factors of 9863.
7, 1409
List the prime factors of 102603.
3, 23, 1487
List the prime factors of 320.
2, 5
List the prime factors of 28447.
28447
What are the prime factors of 17620?
2, 5, 881
What are the prime factors of 7787?
13, 599
What are the prime factors of 7589?
7589
What are the prime factors of 5262?
2,